f (325*2*1)/(-6 + 1981/329)?
3
Suppose 0 = -n + 5*t - 912, 4512 = -5*n + 2*t - t. Let u = -445 - n. What is the units digit of u?
7
Let h be (-16)/4 + 261 - 3. Let z = -276 + 182. Let q = h + z. What is the units digit of q?
0
Suppose 4*z - 147 = 5*f + 363, 0 = -2*f + z - 201. Let i = 211 + f. What is the tens digit of i?
1
Let d = -19 + 22. Suppose -d*a - 231 = -3*q, -4*a + 304 = 4*q - 9*a. What is the tens digit of q?
8
Let g(q) = q + 1. Let y be g(4). Let w(c) = 12*c - 94. Let r be w(8). What is the units digit of y/((r - 4)/(-2))?
5
Let g(m) = m**3 + 34*m**2 + 10*m - 5. Let z be g(-29). Suppose -3*h - 7*h + z = 0. What is the hundreds digit of h?
3
Let j(t) = t**2 + 11*t - 6. Let m be j(18). Suppose 0 = -9*w - 492 - m. Let s = w + 195. What is the tens digit of s?
8
Let x(f) = -39994*f**3 + 2*f**2 - 128*f - 129. What is the units digit of x(-1)?
5
Let i = -42829 + 85891. What is the hundreds digit of i?
0
Let u be (2656/80)/(1/25). Suppose 8*k = -3*o + 6*k + u, k + 1114 = 4*o. What is the units digit of o?
8
Suppose 3*u + 5*s - 222 = -1292, -5*u - 1850 = -5*s. Let w = u - -729. What is the hundreds digit of w?
3
Suppose 307*u - 313*u + 40662 = 0. What is the thousands digit of u?
6
Let g be (-2)/(-18) + (-176)/(-36). Suppose 5*s - 25 = -g*z, -5*s = -4*z + 12 - 46. Suppose -n - 149 = -s*n + v, v + 119 = 4*n. What is the tens digit of n?
3
What is the thousands digit of ((-9)/3 - -2)/((-89)/1147922)?
2
Let y = -43694 - -71985. What is the hundreds digit of y?
2
Let r(v) = 4*v**2 - 16*v + 17. Let z be r(10). Suppose -t - 3*l + z = 0, t + 4*l - 155 = 107. What is the tens digit of t?
4
Suppose -46*f = -41*f - 310. Let n(i) = f + 12*i + 13*i - 67. What is the tens digit of n(7)?
7
Suppose -5*v + 194550 = 2*x, -3980*x + 3985*x = -25. What is the tens digit of v?
1
Let p(x) = 15*x**2 - 5*x - 10. Let y be p(-2). Suppose -66*n + 324 = -y*n. What is the units digit of n?
4
Suppose -5*f - 49 = -5*a + 4*a, -14 = 2*f + a. Let n(w) = w**3 + 10*w**2 + 9*w + 19. Let k be n(f). Suppose 0 = -k*x + 23*x - 232. What is the tens digit of x?
5
Let w = 1178 + -420. Let h = -195 + w. What is the units digit of h?
3
Let m be (-1)/(1 - (-1 - 22/(-10))). Suppose b - h - 113 = -0*b, 0 = b + m*h - 113. Suppose 0 = -116*s + b*s + 177. What is the tens digit of s?
5
What is the thousands digit of 23 + -19 + 6245 + 2 + 3?
6
Let c be (-1)/(-4) - (-1923)/4. Let k = -7127 + 7130. Suppose -c = -5*p - 2*i, k*p + 6*i - i = 300. What is the units digit of p?
5
Let x(q) be the second derivative of 1617*q**5/20 - q**4/4 + q**3/6 - 240*q. What is the units digit of x(1)?
5
What is the tens digit of (-217000)/(-93)*(-3)/(-2)?
0
Suppose 3*o - 2*u - 20806 = 0, 0 = -5*o - 3*u + 28423 + 6222. What is the units digit of o?
2
Let x(y) = 8*y**2 + 4*y + 58. Let h = -129 - -116. What is the thousands digit of x(h)?
1
Let q(x) = x**3 + 72*x**2 - 171*x - 83. What is the ten thousands digit of q(-72)?
1
Let c(v) = 2*v**2 + 2*v + 30. Let f be (-637)/52 - (-2)/8. What is the hundreds digit of c(f)?
2
Let i be (5148/27)/(8/60). Suppose -3700 - i = -15*n. What is the units digit of n?
2
Let f(k) = -k**3 - 19*k**2 + 104*k + 191. What is the hundreds digit of f(-29)?
5
Suppose -63*k = -9*k - 124524. What is the thousands digit of k?
2
Let l(n) = n**3 - 18*n**2 + 18*n - 13. Let b be l(17). Suppose f - 2200 = -b*f. What is the units digit of f?
0
What is the units digit of (-6 - 18384/56)/(7/(-49))?
0
Suppose -2*c + 6548 + 24596 = 0. What is the tens digit of c?
7
Let h(a) = a - 5. Let n(d) = 6*d - 24. Let p(w) = 11*h(w) - 2*n(w). Let c be p(1). What is the units digit of 219 - 4/c*(1 - 3)?
8
Let x(g) = 38 - 27 + 95 - 22*g. What is the units digit of x(-11)?
8
Let y(k) = -k + 12. Let g be y(-16). Suppose -f = p + 13, f + 2*p = 2*f + g. Let u = f - -70. What is the tens digit of u?
5
Let x(h) = h**2 + 12*h - 67. Let r be x(7). Suppose r*m = m + 36075. What is the tens digit of m?
5
Let t = 27 - 19. Let q = t - 17. Let x = q + 69. What is the units digit of x?
0
Let y(h) = -h**3 - 8*h**2 + 46*h - 20. Let l be y(-12). Let n(i) = -i**2 + 11*i + 11. Let q be n(12). What is the units digit of ((-62)/l + q)*(-4 - 4)?
2
Let b(h) = -h**3 - 88*h**2 + 52*h + 327. What is the units digit of b(-90)?
7
Suppose h - 3*h + g = -7, 0 = -h - g + 5. Let t be 13/((-78)/99) - (-1)/2. What is the units digit of (h/t)/((-4)/160)?
0
What is the hundreds digit of (59952/(-64))/(((-1)/15)/((-8)/(-6)))?
7
Suppose -2*x - 7*n + 8*n + 2988 = 0, x - 1484 = -2*n. Suppose -4*f + x = 4*g, 1132 = 3*f - g + 17. What is the units digit of f?
2
Let p be (961 + 63/(-9))*1. Suppose 2*x - 2*o = p, 5*o - 2 = 3*o. What is the hundreds digit of x?
4
Suppose -148886 = -10*u + 137594. What is the tens digit of u?
4
Let c be -10 + 14 - (-3445 - 12/(-3)). Suppose 4*h - c = -3*g, -23*h = -21*h + g - 1721. What is the tens digit of h?
5
Suppose -8*z = 7*z - 135. Suppose -27 = -z*g + 27. Suppose g*t + 5*t = 704. What is the tens digit of t?
6
Let a(l) = 65*l**2 + 63*l + 327. What is the tens digit of a(16)?
7
Let o be (-2)/44*-106 + (-10)/(-55). Suppose 2*u = -o*u. Suppose y - z - 59 - 34 = u, -360 = -4*y + z. What is the units digit of y?
9
Let i be 171/114*(-22)/(-3). What is the units digit of ((-11)/(-4))/(i/(-1056)*-4)?
6
Let s = 9509 - 6787. What is the thousands digit of s?
2
Suppose 0*b + 310 = 5*b. Let j = 64 - b. Suppose -3*z + 3 = -o - 6, -3*z = j*o - 9. What is the units digit of z?
3
Let s be (7/(-21))/(3/9) + 10. Suppose 13450 = s*x + 1777. What is the tens digit of x?
9
Suppose -12*m + 6*m + 816 = 0. Let u = m - 132. Suppose -24 = -j + 4*z, 6*z - u*z + 6 = -j. What is the units digit of j?
4
Suppose -4*x = -79 + 19. Let m = 19 - x. Suppose -5*q = -m*q - 167. What is the hundreds digit of q?
1
Let i(v) = v**3 + 4*v**2 - 15*v - 15. Let x be i(-6). Suppose 1553 = 5*r - c, 4*c = -x*r + 592 + 326. Let s = r - 193. What is the units digit of s?
7
Suppose 0 = 206*q - 111*q - 113*q + 136026. What is the thousands digit of q?
7
Suppose -29*d - 10065 = 5363. Let j = -373 - d. What is the units digit of j?
9
Suppose 483*t - 6115196 + 325057 - 5201009 = 0. What is the ten thousands digit of t?
2
Let l(g) = 2*g**3 + 2*g**2 - 3*g - 1. Let b(n) = n**3 + 2*n**2 - 2*n - 1. Let y(s) = 3*b(s) - 2*l(s). Let z be y(0). What is the units digit of z + (-3)/6*-514?
6
Let o be 1/(1/771*1/(-3)). Let r = o - -3645. Suppose 10*n - 1348 = r. What is the units digit of n?
8
Suppose -17*b + 8*b + 168750 = 0. Suppose 27*u - 1689 = b. What is the hundreds digit of u?
7
Suppose 0*r + 234 = 3*r. Suppose -630 + r = -8*t. Suppose t = 4*m - 351. What is the tens digit of m?
0
Let t(o) = -o**2 + 23*o - 37. Let h be (-2)/7 - 8*(-6)/21. Let f be (((-72)/30)/h)/((-3)/40). What is the tens digit of t(f)?
7
Let j be 1*3/(-1 + 4/(-8)). Let o(d) = 60*d**2 - 2*d - 2. Let b be o(j). Suppose -96*c = -95*c - b. What is the units digit of c?
2
Let q(p) = -p**3 - 86*p**2 - 17*p - 230. What is the thousands digit of q(-87)?
8
Let d(s) = -s**3 - 27*s**2 - 24*s + 62. Let h be d(-26). Suppose -5*j + 26*u = 27*u - 1405, -h = 2*u. What is the tens digit of j?
8
Let g(w) = 4*w**2 + 2*w - 7. Let f be g(9). Suppose 5*m + f = 5*r, 3*m + 10 - 22 = 0. Let u = r - -25. What is the units digit of u?
6
Let a(x) = -x**3 - 58*x**2 + 82. Let g be a(-58). Let d(f) = -31*f - 2. Let t be d(-3). Let w = t + g. What is the tens digit of w?
7
Suppose 8*t - 4*t = 8. Suppose -11 = t*h + 2*c - 111, 3*h - 158 = c. Suppose l - 47 = -m, 2*l = 3*l - 4*m - h. What is the tens digit of l?
4
Suppose -122*x = -22*x - 508441 - 15659. What is the tens digit of x?
4
Let v(x) = -x**3 - 13*x**2 - 2*x - 28. Let s be v(-13). Let y be 29 + -2 + 0 + s. What is the tens digit of (285/y)/(2/10)?
5
Let z(k) = 8*k**2 + 7*k + 44. What is the thousands digit of z(21)?
3
Let j(w) be the second derivative of -w**4/12 + 3*w**3/2 + 10*w**2 - 19*w. Let z be j(11). What is the tens digit of (-399)/(-9) + z/(-3)?
4
Let f(s) = 0*s - 8*s - 17 - 13 + 42 + 4*s**2. Let i be f(4). Suppose 37*p + 651 = i*p. What is the units digit of p?
3
Suppose -4*j + 2 = -38. Let i be 9/(45/j)*6. Suppose i*x - 2651 = -299. What is the units digit of x?
6
Let u(p) = 6*p + 10 - 350*p**3 + 349*p**3 + 18*p**2 + 13. Suppose 5*b - t = 85, -b = -2*b - t + 23. What is